git of g?
1
Suppose -14157 + 35163 = 4*s - 16770. What is the hundreds digit of s?
4
Let q(h) = -17*h - 45. Let t be q(-11). Let r = t + 347. What is the tens digit of r?
8
Let q(b) = -3*b**2 - 23*b - 10. Let i be q(-7). Suppose 2*j + 0*l = 4*l - 2, -3*l + i = -j. Suppose -337 = j*t - 1242. What is the units digit of t?
1
Let q(s) = 14*s**2 - 26*s**2 + 10*s**3 - 32 - 21*s - 9*s**3. What is the units digit of q(14)?
6
Let c be -33 + 38 - (-3*1 - 2). Suppose q - 3509 = -c*q. What is the units digit of q?
9
What is the thousands digit of (76 - 24)*2174/8?
4
Suppose -s + 4*l - 30518 = -6*s, -s + 6*l + 6090 = 0. What is the thousands digit of s?
6
What is the thousands digit of ((-2759)/6*-4)/(195/2340)?
2
Suppose -f + 6 = -0*f. Let z be (130/4 - (3 + -4))*(-1 + -23). What is the units digit of z/(-8)*4/f?
7
Let s = 19998 - -54007. What is the thousands digit of s?
4
Let x(o) = o**3 + 51*o**2 + 145*o - 23. What is the thousands digit of x(27)?
0
What is the units digit of 5/3 - (-74456)/123?
7
Let t = 26 - 22. Suppose -7*y + 3*y - t*c = -20, 6 = -3*y + 4*c. Suppose -5*d = -3*x + 66, 2*x - 46 + y = -5*d. What is the units digit of x?
2
Suppose 16*s - 7*s = -10278. Let o = -676 - s. What is the tens digit of o?
6
Let z(o) = o**3 - 5*o**2 + 5*o - 3. Let y be z(4). Suppose 13*i - 64 = y. Suppose -i*p + k = -306, -6*k + 268 = 4*p - k. What is the units digit of p?
2
Suppose -4*w + 552 = 2*w. Let m = w + -211. What is the tens digit of 2*-2*m/28?
1
Suppose 0 = -5*i + 10, 18*v = 15*v - 3*i + 2325. What is the hundreds digit of v?
7
Let b(o) = -2*o**3 - 30*o**2 + 90*o + 335. What is the ten thousands digit of b(-27)?
1
Suppose -63 = -4*w - 47. Suppose w*i = 2*d + 1554, d - 33 + 1586 = 4*i. What is the units digit of i?
8
Suppose 13 = 5*b - 3*l, 3*b + 4*l - 27 = l. What is the units digit of (3 - b)/(6/(-33))?
1
Let u(i) be the second derivative of i**4/6 - 13*i**3/6 + 11*i**2 + 69*i. What is the units digit of u(8)?
6
Suppose -10483 = -2*b + 3*l, 60*l - 26175 = -5*b + 61*l. What is the hundreds digit of b?
2
Let y(s) = 4*s + 3. Let a be y(11). What is the tens digit of (5 - a)/(1/(-17))?
1
Let f = -40209 + 63905. What is the thousands digit of f?
3
Suppose 2*c - 88 + 1778 = 0. Suppose -4*g = g + 40. What is the units digit of c/(-11) + g/(-44)?
7
What is the tens digit of 6388 + 36*(-12)/(-54)?
9
Let d(c) = -8 + 23*c**2 + 70*c - c**3 + 2 - 43*c. What is the tens digit of d(24)?
6
Let r(q) be the third derivative of 0 + 3/8*q**4 + 0*q - 19*q**2 + 1/5*q**5 + 3/2*q**3 + 1/120*q**6. What is the units digit of r(-7)?
1
Suppose -39*b + 19*b = -40. Let g be 3/2*784/6. Suppose 5*n = -j + g - 42, -2*j = b*n - 276. What is the tens digit of j?
3
Let b(m) = 744*m + 930. What is the thousands digit of b(8)?
6
What is the units digit of (527240/(-245))/((-2)/(0 + 6))?
6
Let o(h) = -1896*h + 2219. What is the tens digit of o(-6)?
9
What is the tens digit of ((-1224436)/(-494))/(1/26)?
4
Suppose 0 = -5*r + 85 + 5. What is the units digit of -4 + ((-637)/(-3) - 6/r)?
8
Let z(n) = -3*n**3 - 1. Let t be z(-1). Let h be t*(-4)/6*-3. Suppose -h*r + 47 = -13. What is the units digit of r?
5
Let w = -30810 - -64872. What is the hundreds digit of w?
0
Let k be 6387/6 - ((-5)/(-2) + -2). Suppose -m + 536 = 3*o, 2*m - k = -0*m - 2*o. What is the units digit of m?
0
Let n = 373 + -374. Suppose 0*u = -2*u. What is the units digit of (u - n - -13)*2?
8
Let p = -94 - -148. Let j = p - 54. Suppose j*h + 272 = 4*h. What is the units digit of h?
8
Let s(u) = 2*u**2 + u + 1. Let b be s(-1). Suppose 3*g + 3 = b*c, -4*g - 13 + 37 = 2*c. Suppose 5*t = 176 - c. What is the tens digit of t?
3
Suppose 0 = -5*z + r + 4792, 4*r + 1924 = -5*z + 7*z. Suppose 21*y + z = 21370. What is the hundreds digit of y?
9
Let z(p) = p**3 + 6*p**2 + p - 45. Let m be z(-8). Let x = m + 233. What is the tens digit of x?
5
Suppose 0 = 8*b - 14 - 34. Let m(j) = 8*j**2 + 18*j - 46. What is the hundreds digit of m(b)?
3
Suppose 0 = -4*c - 2*w + 7368, 0 = -5*c + 58*w - 57*w + 9217. What is the tens digit of c?
4
Suppose m + 10 = 3*a, -19 - 9 = -5*a - 4*m. Suppose a*w - 3*w + 5*l = -793, 0 = -4*w + l - 3151. What is the units digit of (6/8)/(-1 - w/784)?
7
Let a = -2458 + 27006. What is the tens digit of a?
4
Let t(f) = 11*f + 36. Let q be t(-3). Suppose q*b + 450 = 4*b - 5*x, 0 = 3*x + 15. What is the tens digit of b?
2
Let q(l) = -131*l - 2429. What is the thousands digit of q(-90)?
9
Let q(w) = 5*w**3 - 55*w - 24. Let i(k) = -4*k**3 - k**2 + 54*k + 24. Let c(n) = 4*i(n) + 3*q(n). What is the hundreds digit of c(-12)?
5
Let v be 15/(-60) + 61*(-1)/(-4). What is the units digit of 2432/v - (120/(-225))/(-4)?
2
Let a be ((-12)/(-15))/((-4)/(-10)). Let o(v) = v**3 - 13*v**2 + 13*v - 16. Let k be o(12). What is the units digit of (-9)/a*40/k?
5
Let a(u) be the third derivative of 71*u**5/60 - u**4/3 + 14*u**3/3 - 37*u**2. Let k(n) be the first derivative of a(n). What is the hundreds digit of k(1)?
1
Let a be ((4/(-6))/((-2)/15))/1. Suppose a*j = 4*l + 20, 2*j + 2*l + 15 = -l. Suppose -8*z + 5*z + 636 = j. What is the hundreds digit of z?
2
Suppose 4*b = -54*v + 56*v - 104804, 4*b + 52392 = v. What is the hundreds digit of v?
4
Let i = -216 + 309. Suppose -i*z = -100*z + 5957. What is the hundreds digit of z?
8
Suppose -5*p - 106264 = -0*p + 2*d, -2*d + 106256 = -5*p. What is the hundreds digit of (p/18)/(-7)*6/4?
2
Suppose -162*z + 167*z - 153501 = -3*k, -2*z = -4*k - 61390. What is the tens digit of z?
9
Let v(m) = m**3 + 31*m**2 + 14*m - 15. Suppose 0 = t + 92 - 62. Let i be v(t). What is the hundreds digit of i*(-5 + 16/3)?
1
Let w(r) = 10*r - 10 + 1 - r**2 - 8. Let y be w(7). Suppose -l - 4*d + 43 = 0, 3*d - y = 2*d. What is the tens digit of l?
2
Let b = 214 - 210. Suppose -b*a = -518 + 106. What is the units digit of a?
3
Suppose 0 = -3*p + 6*v - 3*v - 3462, -1164 = p + v. Let a = p - -1847. What is the hundreds digit of a?
6
Let q = -251 + 255. Suppose q*b - 10*w + 6*w = 1624, -1636 = -4*b - 2*w. What is the tens digit of b?
0
What is the ten thousands digit of ((-46891)/4)/((-93)/372)?
4
Suppose 3*v + 70 = 4*w, -w + 4*w = 3*v + 51. Suppose -2*y = w - 69. Suppose 29*o = y*o + 72. What is the tens digit of o?
1
Suppose -7 = -3*u + 2*u. Suppose -2*l = -u*l + 375. Suppose 0*w + 3*w - l = 0. What is the tens digit of w?
2
Let f(k) = k**3 - 8*k**2 - 10*k + 11. Let o be f(9). Suppose 3*v = o*r - 203, 253 = 4*r + 4*v - 203. Let m = r - 23. What is the tens digit of m?
8
Let y(u) = u**3 - 13*u**2 + 31*u + 10. Let q(m) = 6*m - 248. Let b be q(44). What is the tens digit of y(b)?
7
Let w(b) = 16*b**3 + 6*b**2 + 22*b - 93. What is the tens digit of w(9)?
5
Suppose -89*r - 24*r + 584692 + 1220709 = 0. What is the thousands digit of r?
5
Suppose 50*u - 46*u = 200. Suppose 13*m = 3*m + u. Suppose -c + 0*v = -4*v - 68, -4*c + m*v = -294. What is the units digit of c?
6
What is the tens digit of 2/(-10)*-8874 - (-136)/(-170)?
7
Suppose -r - 4*z - 330 = 0, -z - 821 + 161 = 2*r. Let h = 111 - r. What is the hundreds digit of h?
4
Let j(p) = p**2 + 2*p + 7. Let l = -15 - -15. Let n be 8 + -4 + l + 3. What is the units digit of j(n)?
0
What is the thousands digit of (48/40 + -4)*10*-202?
5
Let m be 2 - 0*2/6. Let n be 8/5 - m/(-5). What is the tens digit of -61*((-20)/n)/5?
2
Suppose -5*r - 1131 = -8*r. Suppose 4*g + 71 = -r. Let v = g + 184. What is the tens digit of v?
7
Let g = -3 - -9. Suppose 0 = -g*k - 24 + 906. What is the hundreds digit of k?
1
What is the thousands digit of (-7678)/(-5)*1025/410?
3
What is the tens digit of (13 - 24) + -3 + 286722/9?
4
Suppose 15 = 5*y + 3*g, -5*y + 2*g + 2*g = 20. Suppose 5*l = -5*r + 2*r - 7, y = -5*l - 4*r - 11. What is the hundreds digit of 2 - ((l - 0) + -133)?
1
Let i(a) = 38*a - 30. Let n(d) = -8*d + 31. Let h be n(3). What is the tens digit of i(h)?
3
Suppose 3*d + 2*n = 10815, 0 = 2*d + 56*n - 60*n - 7226. What is the tens digit of d?
0
Suppose 55 = -z + 75. Suppose 6*c - c - z = 0. Suppose -c*h = -g - 402, 5*g + 99 = h + 8. What is the units digit of h?
1
Suppose 0 = 119*i - 128*i - 9819. Let h = -323 - i. What is the tens digit of h?
6
Suppose -x - j = -0*j + 651, -3*x = 4*j + 1948. Let u = x - -997. What is the tens digit of u?
4
Suppose 3*p = 3*l + 65 + 1, 3*l - 42 = -3*p.